hen v is divided by 15?
7
Suppose 0*q + 70 = 7*q. Suppose -91 = 3*l - q*l. Suppose -98 = -l*u + 11*u. Calculate the remainder when 195 is divided by u.
48
Let r = -30707 - -30734. What is the remainder when 141 is divided by r?
6
Let z be (9/3)/((-21)/(-889)). Suppose -z = -18*l + 143. Suppose q - 4*k = -0*k + 14, 10 = 2*q + k. What is the remainder when l is divided by q?
3
Let o(b) = 3*b - 22. Let q be o(11). Suppose -q*v + 63 = -8*v. Suppose -2*k = -63 - v. Calculate the remainder when 125 is divided by k.
41
Suppose 5864 = -119*j + 38351. Calculate the remainder when 488 is divided by j.
215
Let z(w) = -9*w + 37 - 2*w + w. Calculate the remainder when 74 is divided by z(3).
4
Let o = 6 + -4. Let m be 9/2*166/249. Suppose 31 + o = m*c. What is the remainder when 43 is divided by c?
10
Let d = -14385 - -16906. Calculate the remainder when d is divided by 1259.
3
Suppose 36*d - 1845 = -81. Let l be 10/15 - 2/3. Suppose l*k + 4*k = -c + 17, 5*c = -2*k + 85. Calculate the remainder when d is divided by c.
15
Let w = -1535 - -1683. What is the remainder when w is divided by 39?
31
Let t be (0 + 1)*-4*(-240)/320. Let z be 6/t*((-175)/10)/(-5). Suppose 10*i = z*i + 189. Calculate the remainder when i is divided by 13.
11
Let y(i) = 15*i - 142. Let c be y(-10). Let l = 331 + c. What is the remainder when 151 is divided by l?
34
Suppose -107*f - 103*f + 395136 = 78*f. Calculate the remainder when f is divided by 30.
22
Let v(j) = -j**3 - 12*j**2 + 17*j + 58. Let l be v(-13). Suppose 0 = 2*r - l*n + 11*n - 46, -51 = -3*r - 3*n. Calculate the remainder when 58 is divided by r.
6
Let b = 3688 + -3547. Calculate the remainder when b is divided by 108.
33
Let i = 7031 + -6622. What is the remainder when 1240 is divided by i?
13
Suppose 38 = -4*r - 34. Let b = r + 25. Let l = -17303 + 17306. Calculate the remainder when b is divided by l.
1
Suppose 4*n + 3*s + s - 328 = 0, -3*n + 3*s + 234 = 0. Let a = -51 + n. Suppose 0 = 11*g - 125 - a. What is the remainder when 34 is divided by g?
6
Let q be 2/8 - (-11)/(132/1725). Suppose 0 = s + 4*k + 19, 0*s = 2*s - 2*k - 12. What is the remainder when 31 is divided by (q/32)/((-2)/(-5 + s))?
4
Suppose -2*y + y + 47 = 0. Let i = 213 + -208. Let m(f) = 2*f**2 - 8*f + 6. What is the remainder when y is divided by m(i)?
15
Let l = -383 - -1. Calculate the remainder when -3 - (-133)/35 - l/10 is divided by -30*(0 + 2/(-6)).
9
Let z(p) = -90*p - 10069. Calculate the remainder when 257 is divided by z(-112).
4
Suppose 5*b - 191 = 429. Suppose 19*p - 66 = b. Calculate the remainder when 53 is divided by p.
3
Let w(h) = -h**3 - 10*h**2 - 7*h - 61. Let j be w(-10). Suppose -a - 3*c + 28 = 0, 2*a + 5*c + j - 69 = 0. What is the remainder when a is divided by 32?
8
Let t = -70 + 77. Suppose -t*c + 462 = -4*c - 5*i, c = -2*i + 143. Calculate the remainder when c is divided by 51.
47
Let x = 10969 + -10390. Calculate the remainder when x is divided by 7.
5
Let a(m) be the third derivative of m**6/120 - 7*m**5/30 + 9*m**4/8 + 23*m**3/6 + 43*m**2. What is the remainder when a(12) is divided by -2 + -2*(-22)/2?
19
Let n(p) = p**3 - 9*p**2 - 77*p + 591. What is the remainder when n(16) is divided by 112?
31
Calculate the remainder when 2883 is divided by ((-4)/12)/((-48)/37728).
1
Suppose -560 = -10*z - 14*z + 10*z. What is the remainder when 1092 is divided by z?
12
Suppose -15218*z + 15221*z = 2139. Calculate the remainder when z is divided by 26.
11
Let t = -279 - -310. What is the remainder when (-138)/897 + (-6400)/(-26) is divided by t?
29
Suppose -1413*b = -1426*b + 1430. Calculate the remainder when 183 is divided by b.
73
Let a be (1740/(-29))/(3/(-8)). Suppose -27*p + 30 = -26*p - 3*n, -3*p - 5*n + a = 0. What is the remainder when p is divided by 27?
18
Let g(z) be the second derivative of -z**4/12 + 15*z**2/2 + 2*z + 44. Suppose 0 = -4*q - 0*q. Calculate the remainder when g(q) is divided by 9.
6
Suppose -21*v + 1988 = 1526. What is the remainder when v is divided by (-2)/6 + 40/3?
9
Let k = 289 - 169. Suppose -5*u = -0*u + 265. Let j = u + k. What is the remainder when j is divided by 17?
16
Suppose -z + 2849 = 4*q, -q + z - 354 = -1060. Calculate the remainder when q is divided by 23.
21
Suppose 61*a = 62*a - 5. Suppose -2*g - 3*o = -33, a*o + 34 = g + 3*o. What is the remainder when (2 - 9/6)*(93 - -1) is divided by g?
23
Let d(a) = -a**2 + 53*a - 219. Calculate the remainder when 2*1 + (6 - -179) is divided by d(5).
19
Suppose 0 = -4*c - 121*m + 126*m + 23996, 0 = -c + m + 5998. Calculate the remainder when c is divided by 4.
2
Suppose 0 = -6*j + 4*c + 118, -173*c = j - 174*c - 17. Calculate the remainder when 696 is divided by j.
21
Suppose -7*p - 3*t = -2*p - 5075, 4*p = 5*t + 4023. What is the remainder when p is divided by 170?
162
Suppose 0 = 1012*v - 931*v - 15309. What is the remainder when 247 is divided by v?
58
Let l = -2900 - -3028. What is the remainder when l is divided by 36?
20
Let b(s) = -656*s + 891. Calculate the remainder when b(-17) is divided by 33.
31
Let v(a) be the second derivative of a**3/2 + a**2 + a. What is the remainder when ((-104)/14)/(14 + 2 + 1 - (-40200)/(-2345)) is divided by v(3)?
8
Suppose 0*w - 17 = f - 5*w, f + 13 = 4*w. Suppose 0 = h - f*h + 22. Let a = 9368 + -9282. Calculate the remainder when a is divided by h.
9
Suppose 2*x - 222 = -x. Let n = 131979 - 131615. Calculate the remainder when n is divided by x.
68
Let p be 19 + (8 - -10)/(-9). Suppose -1344 = -p*c + 1444. Calculate the remainder when c is divided by 21.
17
What is the remainder when 7613991/495 - 12/(-10) is divided by 85?
83
Let k be (-56)/10*190/4 - -2. Let o = -24 - k. Calculate the remainder when 53 is divided by (-42)/(-4)*o/90.
25
Suppose 924 = 31*n - 10*n. Let u = 54 - n. What is the remainder when 18 is divided by u?
8
Suppose -3*r + 4851 = 5*w, -64*w - r - 3891 = -68*w. Calculate the remainder when w is divided by 65.
62
What is the remainder when 28360 is divided by 1572/2620 - ((-432)/5)/1?
85
Let f = -5112 + 5310. Calculate the remainder when 216 is divided by f.
18
Suppose -54*x = -5*z - 59*x + 9430, 4*x + 7504 = 4*z. Calculate the remainder when z is divided by 627.
0
Let r be (-6 - 26)*(290/8)/(-5). Suppose 3*g = g + 6. Suppose 0 = -w - 4*y + 40 + 14, g*w - r = 2*y. What is the remainder when w is divided by 16?
10
Calculate the remainder when 376 is divided by 6 + 11 + -1 + -3.
12
Suppose -3*f - 25 = -268. Suppose -104*w + 408 = -80*w. Calculate the remainder when f is divided by w.
13
Suppose 8*o = 18*o + 60. Calculate the remainder when 11 is divided by (8/o)/((-10)/30).
3
Let a(j) = 17*j**2 - 95*j - 30. What is the remainder when a(16) is divided by 33?
30
Let x(h) = -248*h + 7830. Calculate the remainder when 12778 is divided by x(31).
140
Suppose 0*q + 4*j - 286 = 2*q, 0 = -2*q - 5*j - 304. Let m = q + 346. What is the remainder when m is divided by 29?
25
Let x be (2/3)/(-4 - 847/(-210)). Calculate the remainder when 23 is divided by ((-1)/(-1))/((x/130)/2).
10
Let g(p) = -6*p + 19. Let u be g(5). What is the remainder when (-2)/(3 - 2) - -156 is divided by 3/(22/u + (-54)/(-26))?
37
Let h(z) = 8*z + 6. Let d = -6824 + 7182. Calculate the remainder when d is divided by h(3).
28
Let b(o) = -66*o - 3. Let n(g) = -g**3 - 25*g**2 - 17*g + 95. Let d be n(-25). Let f = -487 + d. Calculate the remainder when b(-2) is divided by f.
30
Suppose p = j - 1 + 6, 7 = -5*j - p. Let r be 3/2*j - -6. Suppose -r*s = -4*s + 21. Calculate the remainder when s is divided by 11.
10
Let q = -16044 - -16319. What is the remainder when 2208 is divided by q?
8
Suppose 2*o - 5*o + 6 = 0. Suppose -4*h - 5*s + s + 112 = 0, 4*h - o*s - 100 = 0. Suppose 0*l - 27 = -3*l. Calculate the remainder when h is divided by l.
8
Let d(q) = 37*q**3 - 2*q**2 - 9*q + 17. Calculate the remainder when 1156 is divided by d(2).
8
Calculate the remainder when (-15 + (-118)/(-8))*-2860 is divided by 120.
115
Suppose 1265 = 5*f - 5*a, 0 = 3*f - 4*a + 98 - 860. Let r = -211 + f. What is the remainder when 162 is divided by r?
6
Let t = -44 + 67. Suppose -3*n = -3*a + 2*n + 126, 210 = 5*a - 4*n. What is the remainder when a is divided by t?
19
Suppose 15*s + 2416 = -7124. What is the remainder when ((0 - -2) + 0)/((-12)/s) is divided 